
False
Is 24607043 a composite number?
False
Is 64145797 composite?
False
Is 22757731 composite?
False
Is 970471 composite?
True
Is 3032917 a composite number?
False
Is 54367711 a prime number?
True
Is 2673817 composite?
True
Is 230957491 a prime number?
True
Is 772750663 composite?
False
Is 1730989 a prime number?
False
Is 74929259 prime?
True
Is 17687311 prime?
True
Is 6697043 a composite number?
False
Is 25606381 a composite number?
False
Is 35310473 a composite number?
True
Is 16144897 a composite number?
False
Is 614609 a composite number?
False
Is 16753333 composite?
False
Is 30263279 a composite number?
True
Is 207847 composite?
False
Is 6624899 a composite number?
False
Is 169313278 composite?
True
Is 18098701 prime?
False
Is 32484899 prime?
True
Is 653579 composite?
False
Is 194058763 composite?
False
Is 7625899 a composite number?
False
Is 141707663 prime?
False
Is 232212863 a prime number?
True
Is 59043239 a composite number?
True
Is 1043489 prime?
True
Is 4764763 prime?
False
Is 12274259 prime?
False
Is 33056339 composite?
True
Is 892189 composite?
False
Is 15924541 composite?
True
Is 1720949 a composite number?
False
Is 1182947 prime?
True
Is 1864991 a composite number?
True
Is 17744843 composite?
False
Is 132822883 a composite number?
True
Is 3428121 composite?
True
Is 112163 composite?
False
Is 340361 prime?
False
Is 745289 a prime number?
False
Is 5111191 a composite number?
True
Is 4525501 a composite number?
False
Is 5546633 a prime number?
False
Is 3171383 a composite number?
False
Is 9207917 composite?
False
Is 9463213 prime?
True
Is 24951833 a composite number?
False
Is 80642803 a prime number?
True
Is 12647779 prime?
False
Is 43666423 composite?
True
Is 26270623 prime?
False
Is 3574997 prime?
True
Is 2980513 a prime number?
True
Is 264317 a composite number?
True
Is 235069 a prime number?
True
Is 13187261 prime?
True
Is 41830109 composite?
False
Is 305621 composite?
False
Is 21726543 composite?
True
Is 11700719 a prime number?
True
Is 261401507 a prime number?
False
Is 175938619 a prime number?
True
Is 9528333 a prime number?
False
Is 6766399 a composite number?
False
Is 14034379 a composite number?
True
Is 16765781 prime?
False
Is 4088071 a prime number?
False
Is 1470713 a composite number?
True
Is 3128134 a composite number?
True
Is 2789861 a prime number?
True
Is 5303633 a composite number?
False
Is 34992233 composite?
False
Is 11737641 prime?
False
Is 18922251 composite?
True
Is 15100603 prime?
False
Is 1364855 composite?
True
Is 130420463 prime?
True
Is 53273023 a prime number?
True
Is 131986403 prime?
True
Is 29284493 a composite number?
True
Is 43112803 a composite number?
False
Is 5258819 a composite number?
True
Is 55345241 a prime number?
False
Is 135991 a prime number?
False
Is 40566055 prime?
False
Is 1400224103 composite?
True
Is 938642 a composite number?
True
Is 14650611 a composite number?
True
Is 12025289 a composite number?
True
Is 3994622 prime?
False
Is 5053459 prime?
True
Is 148596529 composite?
False
Is 315937553 composite?
True
Is 969097507 a composite number?
True
Is 945795261 prime?
False
Is 5043869 a composite number?
False
Is 3884621 a composite number?
True
Is 52552433 composite?
False
Is 193908649 a composite number?
True
Is 2713933 a prime number?
True
Is 22277239 prime?
True
Is 22422497 a prime number?
False
Is 39765787 composite?
True
Is 485587 composite?
False
Is 1144354 a prime number?
False
Is 2828171 a prime number?
False
Is 94991151 a prime number?
False
Is 10858997 a composite number?
False
Is 350813 prime?
False
Is 4263491 prime?
True
Is 60585659 composite?
True
Is 9735214 composite?
True
Is 170079326 a composite number?
True
Is 7849189 composite?
True
Is 7372745 a prime number?
False
Is 15784099 a composite number?
False
Is 7497499 prime?
True
Is 317720861 a prime number?
True
Is 3277279 a composite number?
False
Is 111727015 a composite number?
True
Is 110277527 composite?
False
Is 57434621 composite?
True
Is 664401965 a prime number?
False
Is 13445759 prime?
False
Is 641403109 prime?
False
Is 253535131 a prime number?
False
Is 3035743 prime?
True
Is 100044431 a prime number?
True
Is 14043439 composite?
False
Is 3345385 a composite number?
True
Is 647332093 composite?
True
Is 47357081 a composite number?
False
Is 148679017 composite?
False
Is 1709443 a prime number?
True
Is 49214731 prime?
False
Is 153380089 a prime number?
True
Is 1897121 a prime number?
True
Is 305776477 composite?
False
Is 78803227 a prime number?
True
Is 690869 a prime number?
True
Is 1302107 a prime number?
True
Is 60715379 prime?
False
Is 10217887 prime?
False
Is 24622669 a prime number?
False
Is 16643573 composite?
True
Is 704762 composite?
True
Is 8723807 prime?
True
Is 13367611 a composite number?
False
Is 26701729 a prime number?
True
Is 2901671 composite?
True
Is 53616631 a composite number?
True
Is 182417 composite?
False
Is 19554247 a composite number?
False
Is 129112337 prime?
False
Is 2379193 prime?
False
Is 20832023 prime?
True
Is 80844871 a composite number?
False
Is 50688227 a prime number?
False
Is 63133571 prime?
False
Is 25371721 a prime number?
True
Is 248594609 a composite number?
True
Is 51880007 a composite number?
False
Is 5567297 a composite number?
False
Is 8737423 a composite number?
False
Is 751181 a prime number?
True
Is 53593123 prime?
False
Is 10367081 composite?
False
Is 8267069 composite?
False
Is 1378981 a composite number?
True
Is 6781639 prime?
False
Is 41846201 a composite number?
False
Is 9899063 prime?
False
Is 24802157 a prime number?
False
Is 94951823 prime?
False
Is 13067147 a prime number?
True
Is 197632679 a composite number?
False
Is 9358079 composite?
True
Is 4921601 prime?
True
Is 76005193 prime?
False
Is 12998851 composite?
True
Is 4831933 a prime number?
True
Is 6140254 prime?
False
Is 734843 a composite number?
True
Is 4207717 composite?
False
Is 9520849 a composite number?
True
Is 167550109 prime?
True
Is 8588695 prime?
False
Is 221397151 a composite number?
True
Is 4333829 composite?
False
Is 69786907 a prime number?
False
Is 58332319 a composite number?
False
Is 12112297 composite?
False
Is 31103 a composite number?
True
Is 22788037 a prime number?
True
Is 1160821 a composite number?
True
Is 11112401 composite?
True
Is 186329603 a composite number?
False
Is 6433789 a composite number?
True
Is 6016729 a prime number?
True
Is 6711491 a prime number?
True
Is 2178479 a prime number?
True
Is 6437173 prime?
True
Is 1886933 prime?
False
Is 1493881 a prime number?
False
Is 4347301 a prime number?
False
Is 63672473 a composite number?
False
Is 2098639 composite?
False
Is 6162649 composite?
True
Is 14431657 a composite number?
True
Is 5992969 prime?
True
Is 16306781 prime?
True
Is 69023843 a composite number?
True
Is 82447181 prime?
True
Is 932453 a prime number?
False
Is 20027063 a composite number?
True
Is 35213993 prime?
False
Is 25131649 a composite number?
True
Is 2662943 a composite number?
False
Is 10516361 a prime number?
True
Is 2753057 prime?
False
Is 9454981 composite?
True
Is 178060577 a composite number?
True
Is 395110441 a composite number?
True
Is 3311047 prime?
False
Is 25490597 composite?
True
Is 221552519 a composite number?
False
Is 6794369 a prime number?
True
Is 1101787 a prime number?
False
Is 175499969 prime?
True
Is 28249717 prime?
True
Is 204088373 a composite number?
False
Is 54844849 composite?
True
Is 8263678 a prime number?
False
Is 773189 composite?
True
Is 3712609 composite?
True
Is 10389299 a composite number?
True
Is 4824473 a prime number?
True
Is 754343 a prime number?
True
Is 818947 a prime number?
True
Is 78184523 a composite number?
False
Is 1110071 a prime number?
False
Is 1835257 prime?
True
Is 153166763 a composite number?
False
Is 18919877 a composite number?
True
Is 347953 composite?
True
Is 22407937 prime?
True
Is 326537 a composite number?
False
Is 7254847 a composite number?
False
Is 508619 prime?
True
Is 3303467 composite?
True
Is 169203937 composite?
True
Is 27563014 a composite number?
True
Is 44824567 composite?
False
Is 363119 composite?
False
Is 13169383 a composite number?
False
Is 8461571 composite?
False
Is 2787403 a composite number?
False
Is 38865091 composite?
True
Is 201640949 a prime number?
True
Is 1237879